t is 3a (base 14) in base 13?
40
-2 (base 6) to base 13
-2
-115 (base 16) to base 4
-10111
Convert 1 (base 15) to base 6.
1
What is -7 (base 11) in base 5?
-12
What is 35 (base 6) in base 15?
18
-2 (base 14) to base 9
-2
-3 (base 14) to base 2
-11
Convert -120 (base 3) to base 7.
-21
Convert 2 (base 3) to base 13.
2
-2 (base 5) to base 13
-2
Convert -133 (base 16) to base 6.
-1231
What is -31 (base 14) in base 16?
-2b
What is -3 (base 6) in base 8?
-3
48 (base 9) to base 5
134
What is -21 (base 5) in base 3?
-102
Convert 1 (base 3) to base 13.
1
Convert -4 (base 7) to base 11.
-4
What is 73 (base 9) in base 13?
51
-3 (base 12) to base 15
-3
2 (base 14) to base 9
2
Convert 11 (base 13) to base 16.
e
2 (base 12) to base 15
2
Convert 6 (base 8) to base 5.
11
34 (base 12) to base 7
55
Convert 6 (base 9) to base 5.
11
Convert 21 (base 9) to base 14.
15
Convert -1 (base 12) to base 15.
-1
-252 (base 9) to base 4
-3101
Convert -51 (base 12) to base 8.
-75
Convert 23 (base 5) to base 8.
15
Convert 104 (base 5) to base 14.
21
What is 265 (base 8) in base 7?
346
1030 (base 4) to base 8
114
What is -4 (base 6) in base 9?
-4
What is 2 (base 6) in base 12?
2
2 (base 4) to base 3
2
-20 (base 4) to base 3
-22
-110111011 (base 2) to base 6
-2015
Convert -89 (base 13) to base 3.
-11012
-2001 (base 4) to base 10
-129
-21 (base 6) to base 11
-12
What is -10 (base 10) in base 15?
-a
Convert -5 (base 15) to base 5.
-10
Convert 32 (base 13) to base 9.
45
What is -5 (base 7) in base 10?
-5
-3 (base 9) to base 5
-3
-2 (base 7) to base 15
-2
Convert 25 (base 12) to base 4.
131
Convert 100 (base 2) to base 12.
4
What is -11 (base 7) in base 13?
-8
-12 (base 8) to base 9
-11
-11 (base 3) to base 5
-4
Convert -11 (base 2) to base 16.
-3
What is -27 (base 9) in base 5?
-100
18 (base 11) to base 15
14
What is 145 (base 9) in base 7?
233
What is 40 (base 5) in base 6?
32
What is -2 (base 16) in base 2?
-10
What is 2 (base 4) in base 10?
2
131 (base 5) to base 10
41
What is 101 (base 2) in base 6?
5
What is -82 (base 11) in base 7?
-156
Convert 91 (base 12) to base 4.
1231
What is 0 (base 14) in base 7?
0
3 (base 5) to base 14
3
-344 (base 9) to base 8
-433
Convert 141 (base 6) to base 14.
45
Convert -45 (base 7) to base 5.
-113
Convert 10 (base 7) to base 6.
11
What is 129 (base 16) in base 8?
451
Convert b (base 16) to base 11.
10
-342 (base 5) to base 8
-141
Convert 1 (base 14) to base 7.
1
Convert -5 (base 13) to base 2.
-101
0 (base 15) to base 16
0
4 (base 13) to base 16
4
Convert 0 (base 16) to base 4.
0
What is 21 (base 13) in base 15?
1c
Convert -1 (base 15) to base 16.
-1
Convert -9 (base 11) to base 16.
-9
What is -55 (base 12) in base 9?
-72
What is 20 (base 12) in base 7?
33
What is -212 (base 3) in base 13?
-1a
Convert -2 (base 12) to base 10.
-2
218 (base 10) to base 6
1002
Convert -1 (base 2) to base 5.
-1
What is -4 (base 15) in base 14?
-4
What is 3 (base 6) in base 14?
3
Convert a (base 12) to base 2.
1010
26 (base 9) to base 12
20
-116 (base 8) to base 4
-1032
Convert 10 (base 5) to base 7.
5
What is 11 (base 3) in base 13?
4
What is 2 (base 12) in base 10?
2
What is -22 (base 6) in base 13?
-11
What is -7 (base 12) in base 2?
-111
-a (base 11) to base 9
-11
What is 24 (base 10) in base 16?
18
Convert -101110 (base 2) to base 16.
-2e
What is 38 (base 16) in base 8?
70
What is 341 (base 5) in base 13?
75
What is 8 (base 16) in base 2?
1000
Convert -22 (base 7) to base 5.
-31
Convert -1010001 (base 2) to base 5.
-311
What is -3 (base 14) in base 10?
-3
b (base 15) to base 5
21
Convert 1011 (base 2) to base 8.
13
What is -1011 (base 2) in base 14?
-b
Convert 111 (base 2) to base 15.
7
Convert 14 (base 14) to base 15.
13
7 (base 10) to base 14
7
Convert -34 (base 7) to base 9.
-27
Convert -47 (base 13) to base 15.
-3e
Convert 11 (base 2) to base 12.
3
Convert 202 (base 4) to base 6.
54
-24 (base 14) to base 12
-28
What is 34 (base 7) in base 3?
221
What is -1 (base 5) in base 12?
-1
Convert 2121 (base 4) to base 7.
306
-99 (base 14) to base 3
-12000
What is -1221 (base 6) in base 2?
-100101101
-100 (base 5) to base 8
-31
Convert -3 (base 14) to base 12.
-3
What is -8 (base 12) in base 15?
-8
-121 (base 3) to base 2
-10000
What is 9 (base 15) in base 10?
9
37 (base 9) to base 8
42
Convert 34 (base 10) to base 12.
2a
What is 177 (base 8) in base 16?
7f
39 (base 16) to base 6
133
-e (base 16) to base 9
-15
-10 (base 2) to base 15
-2
What is -105 (base 8) in base 5?
-234
0 (base 8) to base 16
0
-100 (base 2) to base 16
-4
What is -3 (base 16) in base 2?
-11
Convert 4 (base 8) to base 5.
4
Convert -10220 (base 3) to base 12.
-89
-1 (base 2) to base 11
-1
-1 (base 4) to base 13
-1
0 (base 10) to base 6
0
Convert -30 (base 8) to base 16.
-18
What is 1 (base 15) in base 5?
1
Convert 3 (base 9) to base 7.
3
Convert 25 (base 15) to base 10.
35
What is 1 (base 12) in base 2?
1
What is -2 (base 8) in base 7?
-2
What is e (base 16) in base 2?
1110
Convert -10 (base 6) to base 7.
-6
What is 0 (base 12) in base 9?
0
What is -1 (base 9) in base 11?
-1
What is 4 (base 13) in base 12?
4
101000 (base 2) to base 12
34
0 (base 7) to base 13
0
Convert 2 (base 11) to base 12.
2
Convert 10 (base 2) to base 9.
2
Convert ac (base 15) to base 6.
430
What is 156 (base 13) in base 3?
22220
What is 1 (base 15) in base 8?
1
What is 6 (base 7) in base 11?
6
Convert -3 (base 9) to base 8.
-3
What is -32 (base 13) in base 5?
-131
What is 10 (base 8) in base 5?
13
Convert -2 (base 8) to base 10.
-2
What is -1 (base 12) in base 2?
-1
-3 (base 16) to base 2
-11
201 (base 4) to base 14
25
12 (base 4) to base 7
6
What is 12 (base 7) in base 11?
9
Convert 45 (base 9) to base 11.
38
Convert 40 (base 16) to base 11.
59
-10 (base 3) to base 4
-3
-3 (base 12) to base 14
-3
What is -13d (base 14) in base 15?
-11b
-100000101 (base 2) to base 15
-126
-46 (base 12) to base 14
-3c
Convert -29 (base 12) to base 7.
-45
What is 10202 (base 3) in base 15?
6b
What is -3c (base 16) in base 11?
-55
What is 2 (base 8) in base 9?
2
What is 4 (base 11) in base 15?
4
What is -2 (base 9) in base 10?
-2
What is -3032 (base 4) in base 11?
-178
3 (base 4) to base 6
3
Convert 13 (base 15) to base 3.
200
Convert 167 (base 10) to base 8.
247
-58 (base 9) to base 15
-38
-3 (base 16) to base 8
-3
-2 (base 10) to base 5
-2
What is -4 (base 8) in base 14?
-4
What is -2 (base 6) in base 15?
-2
Convert -25a (base 11) to base 6.
-1231
Convert 10 (base 4) to base 14.
4
What is -a0 (base 13) in base 6?
-334
Convert 45 (base 12) to base 5.
203
What is -1 (base 10) in base 14?
-1
Convert -110 (base 4) to base 11.
-19
5 (base 9) to base 3
12
Convert 34 (base 5) to base 14.
15
Convert -2020 (base 3) to base 16.
-3c
28 (base 10) to base 11
26
-30 (base 4) to base 2
-1100
Convert -22 (base 15) to base 12.
-28
What is 11 (base 11) in base 5?
22
What is b (base 16) in base 4?
23
What is 9 (base 16) in base 4?
21
What is 14 (base 6) in base 12?
a
1111 (base 3) to base 10
40
What is 56 (base 8) in base 10?
46
What is 1 (base 3) in base 5?
1
What is 6 (base 7) in base 8?
6
What is -3 (base 8) in base 14?
-3
-241 (base 5) to base 8
-107
What is 9 (base 12) in base 10?
9
Convert 7a (base 15) to base 10.
115
87 (base 13) to base 12
93
What is 3 (base 12) in base 8?
3
Convert -25 (base 11) to base 3.
-1000
Convert 2 (base 12) to base 7.
2
Convert 75 (base 14) to base 12.
87
What is 9 (base 13) in base 14?
9
314 (base 7) to base 9
185
-2 (base 11) to base 6
-2
Convert -8 (base 13) to base 14.
-8
-10 (base 2) to base 9
-2
Convert -3 (base 16) to base 4.
-3
Convert 116 (base 7) to base 3.
2022
-4 (base 8) to base 7
-4
What is 199 (base 11) in base 4?
3211
Convert 20 (base 16) to base 10.
32
Convert -27 (base 14) to base 13.
-29
2 (base 3) to base 9
2
Convert 0 (base 10) to base 7.
0
-3 (base 7) to base 5
-3
-233 (base 4) to base 16
-2f
Convert -1 (base 9) to base 12.
-1
566 (base 7) to base 16
125
Convert -2 (base 7) to base 4.
-2
What is 2 (base 14) in base 10?
2
Convert -3 (base 14) to base 10.
-3
What is -5 (base 8) in base 9?
-5
What is -55 (base 6) in base 3?
-1022
13 (base 16) to base 10
19
1b (base 13) to base 2
11000
What is -28 (base 15) in base 2?
-100110
14 (base 10) to base 7
20
23 (base 5) to base 8
15
4 (base 8) to base 15
4
Convert